 Let i = q + 3. What is the remainder when 15 is divided by i?
3
What is the remainder when 9/18 - 218/(-4) is divided by 19?
17
Suppose 3 = -4*i + 19. Suppose i*b + 94 = 6*b. Calculate the remainder when b is divided by 8/(-20) - 164/(-10).
15
Let n = 6 - 3. Let w be 0/n*1/2. Suppose w*p = -3*p + 36. Calculate the remainder when 35 is divided by p.
11
Calculate the remainder when 79 is divided by (-12)/21 + 360/42.
7
Let b(g) = -g**3 - 10*g**2 - 3*g - 12. Calculate the remainder when b(-10) is divided by 7.
4
Let o(x) = -x**3 - 11*x**2 - 4*x - 3. Let b be o(-11). Calculate the remainder when (b/2)/(1/2) is divided by 21.
20
Let n(l) = -l**3 + 9*l**2 - 8*l - 14. What is the remainder when 83 is divided by n(7)?
27
Let g = 2 - -3. What is the remainder when 14 is divided by g?
4
Suppose 0 = -3*p + 4*v + 25, -4*v = p - 2 - 1. Suppose -5*k + p = -78. Calculate the remainder when 50 is divided by k.
16
Suppose 2*z = -2*x + 5*x - 8, -5*z + x - 33 = 0. Let j(l) = l**3 + 6*l**2 - 7*l + 10. Calculate the remainder when 19 is divided by j(z).
9
Let d(y) be the second derivative of y**5/20 - 3*y**4/4 + 5*y**3/3 - 11*y**2/2 + 3*y. What is the remainder when 7/1*(0 + 2) is divided by d(8)?
4
Let i = 159 - 50. What is the remainder when i is divided by 55?
54
Suppose -4*b + 4 + 16 = 0. Suppose -j - 2*h + 8 = 0, b*j + h - 25 = 6*h. Suppose 2*t - 12 = j. What is the remainder when 26 is divided by t?
8
What is the remainder when 68 is divided by 4*(15/6 - -2)?
14
Let d(a) = 3*a**2 - 9*a + 12. Calculate the remainder when d(5) is divided by 11.
9
Let j(u) = -u**2 - 10*u + 1. Calculate the remainder when j(-7) is divided by 6.
4
Suppose 3*z - 1 = 2*z. Suppose -z = d - 0, -4*l - 37 = d. Let r = 30 - l. Calculate the remainder when r is divided by 14.
11
What is the remainder when 6 is divided by 12/30 + 54/15?
2
Suppose 4*w - 27 = 37. Let u = w - -9. Let n = -25 - -38. What is the remainder when u is divided by n?
12
Suppose 2*f - 2 = 4*s - 8, -4*f = 5*s - 27. Suppose -r - 28 = -4*b, 0 = -2*b + 2*r + 17 + f. Calculate the remainder when b is divided by 2/(-4) - 10/(-4).
0
Let m(g) be the third derivative of 11*g**5/60 - g**4/24 + g**3/3 + 2*g**2. Let v be m(2). Suppose 3*b - 4 = v. What is the remainder when 45 is divided by b?
13
Let v(c) = -2*c**2 + 5 + 3*c**2 - c - 3. Calculate the remainder when 6 is divided by v(1).
0
Let b(q) = -q + 1. Let c be b(1). Suppose -g + 35 = -c*g + 5*i, 0 = 4*g + 2*i - 104. What is the remainder when g is divided by 14?
11
Suppose 3*p - 174 = -3*p. Suppose -w - w = -42. Let k = w - 11. Calculate the remainder when p is divided by k.
9
What is the remainder when 66 is divided by (-3 + 51/(-6))*-2?
20
Let t = -96 - -104. What is the remainder when 21 is divided by t?
5
Let u be 4*3*3/(-9). Calculate the remainder when 4 is divided by 3*(12/u + 4).
1
Suppose 4*q - 54 = q. Calculate the remainder when 50 is divided by q.
14
Suppose -6*d = -4*t - 2*d + 76, -d = 5*t - 65. Let k = t + -9. Let j(a) = -a**2 + 7*a - 3. Calculate the remainder when k is divided by j(6).
2
Suppose q = -4*d - 0*q + 48, -59 = -3*d + 5*q. What is the remainder when d is divided by 8?
5
Let p be 1 + -3 + (0 - 1). Calculate the remainder when ((-20)/p)/(6/9) is divided by 4.
2
Let o = -14 + 23. Calculate the remainder when 249/15 + 2/5 is divided by o.
8
Suppose -31 = -5*r + 29. What is the remainder when (-1 - -24)*(0 - -1) is divided by r?
11
Let u be (-20)/(-6) + (-1)/3. Suppose -u*d + 52 = d. Let i = 96 - 58. Calculate the remainder when i is divided by d.
12
Suppose z = 3*p - 289, p - 113 = 2*z - 5*z. What is the remainder when p is divided by 33?
32
Let t = -16 - -42. Calculate the remainder when t is divided by 7.
5
Suppose -2*w + 20 = -0*w. Calculate the remainder when w is divided by 7.
3
Let r be (-12)/16 - (-39)/4. Suppose 3*v + 15 = 0, -g + 3*v - r = -56. What is the remainder when 127 is divided by g?
31
Suppose -2*q - 2*j - 12 = -5*j, -4*q - 5*j = 2. Let v = 29 + -18. What is the remainder when (-97)/q - (-2)/(-6) is divided by v?
10
Calculate the remainder when 3/(-9) + 214/3 is divided by 37.
34
Calculate the remainder when -18*(5/15 + -1) is divided by 5.
2
Let o be (-3)/(-15) - 2/10. Suppose -l + 6*q = q - 47, o = 3*l + 3*q - 159. What is the remainder when l is divided by 18?
16
Let j(t) = t**3 + 6*t**2 + 5*t + 7. What is the remainder when 33 is divided by j(-5)?
5
Let s = 11 + -1. What is the remainder when ((1029/(-28))/3)/(1/(-4)) is divided by s?
9
Let j = -1 + 21. Calculate the remainder when 78 is divided by j.
18
Suppose -63 = -4*w + 21. What is the remainder when 104 is divided by w?
20
What is the remainder when 12 is divided by 1/(4/36 + 0)?
3
Let h = 18 + -13. Let q(w) = -w**3 + 7*w**2 + 3*w - 7. Calculate the remainder when q(h) is divided by 15.
13
Calculate the remainder when 51 is divided by (5/(-15))/((-3)/117).
12
Let z(j) = -4*j**3 - 4*j**2 - 6*j - 1. Suppose -b - 3*l - 90 = -6*b, 0 = -3*b - l + 40. Calculate the remainder when z(-2) is divided by b.
12
Suppose 48 = v - x, -4*v = 3*x - 154 - 52. What is the remainder when v is divided by 4/(-10) - 132/(-5)?
24
Suppose -2*w - 40 = -7*w. Calculate the remainder when 22 is divided by w.
6
Let g(s) = 5*s - 5. What is the remainder when g(2) is divided by 3?
2
Let a(k) = -3*k**3 - 28*k**2 + 10*k - 31. Let j(c) = -c**3 + 6*c**2 - 3*c - 2. Calculate the remainder when a(-10) is divided by j(4).
15
Let n be (-2 - (2 - 3))*-12. Suppose 4*s - n = -0*s. Suppose 3*i + s*j = 36, 5*j + 10 = 4*i - 20. Calculate the remainder when 28 is divided by i.
8
What is the remainder when 39 is divided by 1 + 4 - -2*2?
3
Let q = -90 + 152. Calculate the remainder when q is divided by 24.
14
Suppose 11*p + 1053 = 24*p. Calculate the remainder when p is divided by 21.
18
Let v(h) = h + 1. Let p be v(3). Suppose -n = -6*n + 5*j + 25, p*j = 16. What is the remainder when 25 is divided by n?
7
What is the remainder when 79 is divided by 23 - (-1 + (0 - -3))?
16
Suppose -4*u = 4*y - 8, 0*u + 2 = 5*y - 3*u. Let w(d) = -1 - 1 - 3*d + y. Calculate the remainder when w(-2) is divided by 3.
2
Let s = 3 + -4. Let p(y) = -9*y**3 + y**2 + 2*y + 1. What is the remainder when 25 is divided by p(s)?
7
Suppose 3*a = -a + 48. Calculate the remainder when 46 is divided by a.
10
Let d = -5 - -2. Let w be (-1)/((-3)/(-10))*d. What is the remainder when ((-18)/(-5))/(2/w) is divided by 10?
8
Calculate the remainder when 110 is divided by 20 + -4 + 0/4.
14
Suppose 0 = c + 2*c - 72. Calculate the remainder when c is divided by 9.
6
Let s(v) = 2*v**2 - 7*v + 4. Suppose -z + 1 + 1 = 0. Calculate the remainder when (-3 - (2 - z)) + 25 is divided by s(4).
6
Suppose -6*f + 2*f - q + 96 = 0, -2*f = 2*q - 42. Calculate the remainder when f is divided by 14.
11
Suppose 0 = 7*z - 3*z - 20. Suppose -58 - 117 = -z*b. Calculate the remainder when 137 is divided by b.
32
Let i(v) = -v**2 + 7*v + 7. Let b be i(7). Suppose 4*r - 3*z = 127, -3*r + 94 = -5*z + b. Calculate the remainder when r is divided by 9.
7
Suppose 0 = -4*k + 124 + 96. Calculate the remainder when k is divided by 19.
17
Suppose -k + 7 = -5. Let b(d) = 5*d**2 + 11*d - 5. Let j be b(-8). Suppose i = 7*m - 2*m - j, -m = 3*i - 39. What is the remainder when m is divided by k?
9
Suppose o = 5*o - 40. Suppose -4*s + 138 = -o. What is the remainder when s is divided by (-150)/(-8) + (-2)/(-8)?
18
Let u(o) = 5*o**2 + o + 1. Suppose -4*a + 51 + 5 = 3*d, 4 = d. Let s = a + -3. Calculate the remainder when s is divided by u(-1).
3
Let y be -2*3*1/(-2). Let a(z) = y - z - 2 - 4. What is the remainder when a(-4) is divided by 1?
0
Let r = -109 + 113. What is the remainder when 91 is divided by r?
3
Suppose -42 = -3*k + t, 3*t = -5*k + t + 59. What is the remainder when (-146)/(-4) - 5/(-10) is divided by k?
11
Let j = -224 + 402. Suppose -4*w + r + 356 = 6*r, -j = -2*w - 4*r. Calculate the remainder when w is divided by 30.
29
Let d = 157 + -103. Calculate the remainder when d is divided by 14.
12
Let k(z) = 3*z + 2. Let b be k(-4). What is the remainder when 8 is divided by ((-25)/b)/(1/2)?
3
Suppose -2*t + 1 = 2*k - 3, -4*t - 3*k = -8. What is the remainder when 7 is divided by t?
1
Suppose 3*p - 92 = -b, 0 = -p - 2*b - 13 + 52. Let j = -28 + 16. Calculate the remainder when 